
{"id":1230,"date":"2021-11-16T13:00:02","date_gmt":"2021-11-16T13:00:02","guid":{"rendered":"https:\/\/www.intacol.pt\/?post_type=product&#038;p=1230"},"modified":"2025-09-24T10:28:52","modified_gmt":"2025-09-24T10:28:52","slug":"gastro-pro","status":"publish","type":"product","link":"https:\/\/www.intacol.pt\/es\/produto\/gastro-pro\/","title":{"rendered":"GASTRO PRO"},"content":{"rendered":"<h3><strong>Alimento \u201clibre de cereales\u201d formulado con el objetivo de aportar energ\u00eda a trav\u00e9s de fuentes que no exciten a los caballos.<\/strong><\/h3>\n<p>\u2022 Ideal para caballos: intolerantes a dietas con alto contenido en almid\u00f3n\/cereales; con s\u00edntomas de \u00falceras g\u00e1stricas\/intestinales; nerviosos o que muestran signos frecuentes de estr\u00e9s\/perversi\u00f3n.<\/p>\n<p>\u2022 Las fibras altamente digestibles (pulpa de remolacha, lino) y los l\u00edpidos poliinsaturados aseguran un equilibrio digestivo que tiende a mantener a los caballos concentrados.<\/p>\n<p>\u2022 Alto contenido en vitamina E y selenio org\u00e1nico, que favorecen el funcionamiento y la recuperaci\u00f3n muscular normal.<\/p>","protected":false},"excerpt":{"rendered":"<p>Alimento \u201clibre de cereales\u201d formulado con el objetivo de aportar energ\u00eda a trav\u00e9s de fuentes que no exciten a los caballos.<\/p>","protected":false},"featured_media":2696,"comment_status":"open","ping_status":"closed","template":"","meta":{"_et_pb_use_builder":"","_et_pb_old_content":"","_et_gb_content_width":""},"product_brand":[],"product_cat":[148,152,34,79,153],"product_tag":[127,67,68,71],"class_list":{"0":"post-1230","1":"product","2":"type-product","3":"status-publish","4":"has-post-thumbnail","6":"product_cat-alimentos","7":"product_cat-baixo-em-acucar-e-amidos","8":"product_cat-produtos","9":"product_cat-saude-gastrointestinal","10":"product_cat-sem-cereais","11":"product_tag-baixo-em-amido-e-acucares","12":"product_tag-cavalo-quente","13":"product_tag-trabalho-ligeiro-lazer","14":"product_tag-trabalho-moderado-intenso","16":"first","17":"instock","18":"shipping-taxable","19":"product-type-simple"},"acf":[],"_links":{"self":[{"href":"https:\/\/www.intacol.pt\/es\/wp-json\/wp\/v2\/product\/1230","targetHints":{"allow":["GET"]}}],"collection":[{"href":"https:\/\/www.intacol.pt\/es\/wp-json\/wp\/v2\/product"}],"about":[{"href":"https:\/\/www.intacol.pt\/es\/wp-json\/wp\/v2\/types\/product"}],"replies":[{"embeddable":true,"href":"https:\/\/www.intacol.pt\/es\/wp-json\/wp\/v2\/comments?post=1230"}],"wp:featuredmedia":[{"embeddable":true,"href":"https:\/\/www.intacol.pt\/es\/wp-json\/wp\/v2\/media\/2696"}],"wp:attachment":[{"href":"https:\/\/www.intacol.pt\/es\/wp-json\/wp\/v2\/media?parent=1230"}],"wp:term":[{"taxonomy":"product_brand","embeddable":true,"href":"https:\/\/www.intacol.pt\/es\/wp-json\/wp\/v2\/product_brand?post=1230"},{"taxonomy":"product_cat","embeddable":true,"href":"https:\/\/www.intacol.pt\/es\/wp-json\/wp\/v2\/product_cat?post=1230"},{"taxonomy":"product_tag","embeddable":true,"href":"https:\/\/www.intacol.pt\/es\/wp-json\/wp\/v2\/product_tag?post=1230"}],"curies":[{"name":"gracias","href":"https:\/\/api.w.org\/{rel}","templated":true}]}}

<h3><strong>Alimento “libre de cereales” formulado con el objetivo de aportar energía a través de fuentes que no exciten a los caballos.</strong></h3>
<p>• Ideal para caballos: intolerantes a dietas con alto contenido en almidón/cereales; con síntomas de úlceras gástricas/intestinales; nerviosos o que muestran signos frecuentes de estrés/perversión.</p>
<p>• Las fibras altamente digestibles (pulpa de remolacha, lino) y los lípidos poliinsaturados aseguran un equilibrio digestivo que tiende a mantener a los caballos concentrados.</p>
<p>• Alto contenido en vitamina E y selenio orgánico, que favorecen el funcionamiento y la recuperación muscular normal.</p>

<p>Alimento “libre de cereales” formulado con el objetivo de aportar energía a través de fuentes que no exciten a los caballos.</p>
